{"version":"1.0","provider_name":"Farner\u2019s","provider_url":"https:\/\/farners.ch\/de\/","title":"Vollgas in die Aprikosensaison 2023 &#8211; Farner\u2019s","type":"rich","width":600,"height":338,"html":"<blockquote class=\"wp-embedded-content\" data-secret=\"J3Gt1r8UNO\"><a href=\"https:\/\/farners.ch\/de\/vollgas-in-die-aprikosensaison-2023\/\">Vollgas in die Aprikosensaison 2023<\/a><\/blockquote><iframe sandbox=\"allow-scripts\" security=\"restricted\" src=\"https:\/\/farners.ch\/de\/vollgas-in-die-aprikosensaison-2023\/embed\/#?secret=J3Gt1r8UNO\" width=\"600\" height=\"338\" title=\"&#8222;Vollgas in die Aprikosensaison 2023&#8220; &#8211; Farner\u2019s\" data-secret=\"J3Gt1r8UNO\" frameborder=\"0\" marginwidth=\"0\" marginheight=\"0\" scrolling=\"no\" class=\"wp-embedded-content\"><\/iframe><script type=\"text\/javascript\">\n\/* <![CDATA[ *\/\n\/*! This file is auto-generated *\/\n!function(d,l){\"use strict\";l.querySelector&&d.addEventListener&&\"undefined\"!=typeof URL&&(d.wp=d.wp||{},d.wp.receiveEmbedMessage||(d.wp.receiveEmbedMessage=function(e){var t=e.data;if((t||t.secret||t.message||t.value)&&!\/[^a-zA-Z0-9]\/.test(t.secret)){for(var s,r,n,a=l.querySelectorAll('iframe[data-secret=\"'+t.secret+'\"]'),o=l.querySelectorAll('blockquote[data-secret=\"'+t.secret+'\"]'),c=new RegExp(\"^https?:$\",\"i\"),i=0;i<o.length;i++)o[i].style.display=\"none\";for(i=0;i<a.length;i++)s=a[i],e.source===s.contentWindow&&(s.removeAttribute(\"style\"),\"height\"===t.message?(1e3<(r=parseInt(t.value,10))?r=1e3:~~r<200&&(r=200),s.height=r):\"link\"===t.message&&(r=new URL(s.getAttribute(\"src\")),n=new URL(t.value),c.test(n.protocol))&&n.host===r.host&&l.activeElement===s&&(d.top.location.href=t.value))}},d.addEventListener(\"message\",d.wp.receiveEmbedMessage,!1),l.addEventListener(\"DOMContentLoaded\",function(){for(var e,t,s=l.querySelectorAll(\"iframe.wp-embedded-content\"),r=0;r<s.length;r++)(t=(e=s[r]).getAttribute(\"data-secret\"))||(t=Math.random().toString(36).substring(2,12),e.src+=\"#?secret=\"+t,e.setAttribute(\"data-secret\",t)),e.contentWindow.postMessage({message:\"ready\",secret:t},\"*\")},!1)))}(window,document);\n\/\/# sourceURL=https:\/\/farners.ch\/wp-includes\/js\/wp-embed.min.js\n\/* ]]> *\/\n<\/script>\n","thumbnail_url":"https:\/\/farners.ch\/wp-content\/uploads\/2023\/07\/2023-06-25-Aprikosen.jpg","thumbnail_width":739,"thumbnail_height":1024,"description":"N\u00e4chste Woche werden wir von Farner's mit der Lieferung k\u00f6stlicher Walliser Aprikosen beginnen. Wir sind bereit! Unten sind einige wichtige Informationen zum Saisonstart, zur Marktsituation und Vermarktung festgehalten. Gleichzeitig l\u00e4uft die Saison der Schweizer Kirschen. Die Qualit\u00e4t der Fr\u00fcchte ist ausgezeichnet und wir erfreuen uns an den stark steigenden Erntemengen."}

Nächste Woche werden wir von Farner's mit der Lieferung köstlicher Walliser Aprikosen beginnen. Wir sind bereit! Unten sind einige wichtige Informationen zum Saisonstart, zur Marktsituation und Vermarktung festgehalten. Gleichzeitig läuft die Saison der Schweizer Kirschen. Die Qualität der Früchte ist ausgezeichnet und wir erfreuen uns an den stark steigenden Erntemengen.
